(b) = b**3 + 13*b**2 - 13*b + 17. Let v be s(-14). Suppose -380 = -v*a - a. Is a composite?
True
Suppose -5*y - 2*f + 14447 + 6586 = 0, y + 2*f - 4205 = 0. Suppose y = 3*d + 1060. Is d composite?
False
Let d(v) be the third derivative of v**4/12 - 5*v**3/3 - 4*v**2. Is d(6) prime?
True
Let h be 3/(6/146)*55. Let i = h - 2394. Is i a prime number?
True
Is (60/(-80))/(6/(-1112)) prime?
True
Suppose -34*i - 32510 = -39*i. Is i composite?
True
Let f(h) = -17*h**2 + h - 2. Let y be f(1). Let u be y/54 + (-7820)/(-6). Suppose 5*v - 3*g - u = 0, -5*v + v + 1064 = 3*g. Is v prime?
True
Suppose -4*c + 130 = p, 2*c - 24 = -5*p + 572. Suppose -p = -2*i + 270. Is i a prime number?
False
Let q = 9606 - -13295. Is q a prime number?
True
Let y(o) = 67*o**2 + 5*o + 65. Is y(-6) a prime number?
True
Let c = 10861 + 19432. Is c a composite number?
False
Let f = 1099 - 735. Let j = 766 - f. Suppose -3*n - 2*t + 377 = 0, -2*n - n + j = -3*t. Is n a composite number?
True
Let r = -2733 + 3934. Is r composite?
False
Let z be ((-5)/3)/(3/18). Let i(k) = 4*k**2 + 6*k + 10. Let q be i(z). Let o = -145 + q. Is o composite?
True
Let z be 8/52 + 184/(-13). Is 36840/70 + 4/z prime?
False
Let p = 502 + -279. Is p composite?
False
Suppose 10*p = 6*p + 20. Suppose -4*b = p*s - 18, 4*s + 0*b = -2*b + 12. Suppose 5*r - 4*r - s*c - 23 = 0, r - 4*c = 33. Is r composite?
False
Let y(b) = -b**3 + 21*b**2 + 3*b - 5. Let a(g) = g**2 + g + 9. Let u be a(3). Is y(u) a prime number?
False
Suppose -4*p - 52831 = -3*r, -3*r - 3*p - 88048 = -8*r. Is r composite?
False
Let c = 14097 - 9376. Is c a composite number?
False
Suppose 3*t - 5*t = -5*c - 6019, -c = -4*t + 12083. Suppose x = -x + t. Is x composite?
False
Let j be (-9)/2*(-6)/(-9). Is (-5)/((-20)/2456) + j prime?
False
Is (-20)/5*563/(-4) a prime number?
True
Let v be (7 + -3)*(1 + 0). Suppose 7*q = v*q. Suppose -2*w + a + 21 + 18 = 0, -w - 3*a + 37 = q. Is w prime?
False
Let g(o) = -2*o**2 + 7*o + 2. Let z be g(7). Let t be (-2)/3 + z/(-3). Suppose 3*c = t + 15. Is c composite?
True
Let z be (0 + -1)*((-90)/(-3))/5. Let p(g) = 44*g**2 + 4*g + 7. Is p(z) a prime number?
True
Let h = 17 + -17. Let r(y) = -y**3 - y**2 + 5. Let p be r(h). Suppose -p*n = -1629 - 106. Is n a prime number?
True
Let i = 11 + -14. Let j(u) = -15*u. Let k be j(i). Suppose 5*t + k = 8*t. Is t a prime number?
False
Let m be 46/69*(-27)/2. Let t = m - -74. Let d = t - -20. Is d prime?
False
Suppose 2*z - 106 = -40. Let f be ((-8)/(-3))/((-2)/(-3)). Suppose 2*n + 2*n - 20 = 0, -z = -k + f*n. Is k a composite number?
False
Let b(v) = 3450*v - 67. Is b(2) a composite number?
False
Suppose -3*b = 2*x - 0*b + 8, 4*x = 2*b + 16. Suppose x*q = -3*c - 57, 0 = 5*q - q + 3*c + 117. Is 2/15 - 1856/q a prime number?
False
Let w = 0 - 2. Suppose -5*j = m - 19, -m = -3*j + 7 - 2. Is 266/m - w/4 a composite number?
False
Suppose 0 = -4*p - 16 + 8. Is (-759)/p + 15/(-30) prime?
True
Let j(z) = 2*z**3 - 9*z**2 - 10*z - 18. Let d be j(13). Suppose 3188 + 883 = 3*q + 4*h, -2*q + h = -d. Is q a prime number?
True
Suppose 17 = -3*m + 23. Suppose -2*v - 5*g + 958 = 0, -m*g = 3*v - 8*v + 2337. Is v a composite number?
True
Let o(w) = -3218*w + 377. Is o(-12) a prime number?
True
Suppose -8*b = -13*b + 1105. Let k = -94 + b. Is k composite?
False
Suppose 0 = 2*q - 6*q - 4, -2*q = -4*d - 2950. Let r = 1079 + d. Is r composite?
True
Let c = 3 + 0. Suppose -261 = -b - 0*b - 2*f, 5*b - 1277 = -c*f. Is b a prime number?
False
Let x be (-4 - -1) + 2 - -1. Let v(b) = 3*b - 5*b**2 + x*b**2 + b**3 - 5 - 3*b**2. Is v(9) prime?
True
Is (-9 - -32)/((-1)/(-6089)) composite?
True
Suppose 2*b = -2*s + 1236, -5*s + 4*s = -3*b - 634. Is s a composite number?
True
Let v be (-520)/91 - (-4)/(-14). Let u be 2/(-4) - v/(-12). Is (1*u)/((-3)/717) a composite number?
False
Suppose -t = l - 996 - 3196, 0 = -2*t + l + 8387. Is t a composite number?
True
Let a be ((-10)/(-8))/(8/(-160)). Let p be (-15)/a - (-12)/5. Suppose j = 5*d - j - 997, -3*d + p*j + 600 = 0. Is d a composite number?
False
Let t = 11 - 9. Suppose -p + 174 = t*p. Is p prime?
False
Let z(t) be the third derivative of t**6/120 + 19*t**5/60 - 5*t**4/12 + 7*t**3/2 + 16*t**2. Is z(-16) prime?
False
Let j = -2108 + 3007. Is j a prime number?
False
Let b(l) be the third derivative of -l**5/60 - l**4/8 - l**3/3 - 3*l**2. Let z be b(-1). Suppose -3*x + 64 + 221 = z. Is x composite?
True
Let l(r) = -r**2 + 17*r + 26. Let f be l(12). Let o be (-2 - -3 - 56)*1. Let m = o + f. Is m prime?
True
Let k be 13 + (0 - 0)/(-4). Suppose -3*y - k = -2*c, -y - 5*c = -3*c - 1. Is -6 + (-9)/y - -568 prime?
False
Let z = -665 + 299. Let d = z - -817. Let p = -192 + d. Is p prime?
False
Let v = 14 + 0. Suppose 10*f - v*f = -20. Suppose 2*k = -f*x + 676 + 1389, -k = 0. Is x a composite number?
True
Let b(v) = -4*v - 2. Let q be b(-1). Is q - (6/3 + -3) a prime number?
True
Is 7*(-2)/(-35) - (-42639)/15 a prime number?
True
Suppose 4*d - 20 = -0*d. Suppose -425 = -2*u - i, 4*i + 847 = 4*u + d*i. Is u a prime number?
True
Let p(s) = 81*s + 12. Let l be p(3). Suppose -2*k = v - l, -4*v = 3*k - 490 - 540. Is v prime?
False
Let i(d) = 7*d**3 - 25*d**2 - 12*d - 26. Is i(11) a composite number?
True
Suppose 4*z + 1703 = 5*z - 2*j, j - 8548 = -5*z. Is z a prime number?
True
Let c = 9337 + -6588. Is c a composite number?
False
Suppose -6*s = -12*s + 10410. Is s a prime number?
False
Let c(w) = 8282*w + 3. Is c(1) a prime number?
False
Let t = -34287 + 51992. Is t prime?
False
Let n(y) = 2*y**3 + 14*y**2 - 3*y - 13. Let a(h) = -h**3 - 14*h**2 + 3*h + 14. Let x(v) = 3*a(v) + 2*n(v). Let m be x(15). Is 12/4 + (m - -4) composite?
False
Let o(p) = -5*p**2 - 5*p - 4. Let a(i) = i**2 + i + 1. Let h(g) = -4*a(g) - o(g). Let f be h(0). Suppose -2*w + 303 - 49 = f. Is w a prime number?
True
Let q = -4 + 16. Let u(g) = -g + 14. Let r be u(q). Suppose r*f = -b + 127, -2*b - 508 = -6*b + 3*f. Is b prime?
True
Suppose 2*x = 2*c - 9296, -2*x + 15585 = 4*c - 2989. Is c prime?
False
Let p(b) = -b**3 - 6*b**2 - 6*b - 18. Let m be p(-11). Suppose -2*q = 5*n - 337, -5*n + m = 4*q - 2*n. Is q a prime number?
False
Suppose -p = p. Suppose -3*j - i - 3*i + 7272 = p, -2*i + 12134 = 5*j. Let m = j - 1695. Is m prime?
True
Let s be (-5 - 0/(-3))/(-1). Suppose -4*p + 3*p = 3*u - 34, -s*u + 66 = 4*p. Is 25/10*(u + 0) prime?
False
Suppose 11*k - 9*k + 1514 = 0. Is 0/(-1) - (-5 + 9 + k) a composite number?
True
Let z(r) = -4*r**2 - 21*r - 13 + r**3 + 9*r - r**2. Suppose 0 = -3*h - w + 32, 4*h - 3*w + 56 = 9*h. Is z(h) prime?
True
Let p = 61357 + 5484. Is p a prime number?
True
Let o(y) = -4*y - 6. Let c be o(-6). Let n = c - 16. Suppose 0 = 2*k + 4, 0 = -4*b - n*k + 253 + 51. Is b a prime number?
False
Suppose -44 = -3*x - 26. Suppose 4*i = -4*t + x*t + 634, 297 = 2*i - 5*t. Is i prime?
False
Is (17/(-51))/((-2)/9102) composite?
True
Let d(s) = -570*s**2 - 4*s + 4. Let f be d(1). Let j = f - -1579. Is j prime?
True
Let a(t) = -2*t**2 - 1. Let x be a(1). Let o be 2/6*x*1. Is (118*1/(-2))/o a composite number?
False
Let p(o) = -43*o + 4. Let n be p(3). Let u = n - 14. Let k = -56 - u. Is k a composite number?
False
Suppose -4*u - 2*w = 832, 0*u - 4*u - 836 = 3*w. Let k = -433 + 624. Let m = k - u. Is m prime?
True
Suppose 3*x + 35123 = 2*m, 7*x = 4*m + 12*x - 70301. Is m prime?
True
Let v(l) = 14 - 17 - 112*l - 36*l. Is v(-2) a composite number?
False
Is (-2)/(-3) + (-1120332)/(-36) composite?
False
Let h be (3/(-6))/((-5)/4960). Suppose -3*y = -5*v - h, y + 3*v - 299 = -y. Is y composite?
False
Let o be -3*6 + (-7)/7. Let a = o + 182. Is a a composite number?
False
Let t(x) = 19*x + 145. Is t(0) a prime number?
False
Suppose -2 = -2*p + 4*q - 198, -3*p - 3*q = 303. Is (547/2)/((-10)/p) prime?
False
Let b be (-18)/(-5) + 21/(-35). Suppose b*s = 2*g - 9 + 2, 7 = 4*g + s. Suppose g*x + 309 = y, -5*x + x + 877 = 3*y. Is y composite?
True
Suppose -3*r - 2026 + 5956 = 0. Suppose 0*y - 2*y + r = 0. Is y composite?
True
Let k = -2559 - -4196. Is k a composite number?
False
Let z(a) = -a**2 + 9*a + 5. Let u = 29 + -20. Let x be z(u). Is 3562/65 + 1/x a prime number?
False
Let w(v) = 17*v**2 + 5*v + 9. Is w(13) prime?
False
Suppose p + 12751 = 2*z - 3551, -5*z = 5*p - 40785. Is z a prime number?
False
Suppose 2